99 and 46?
23
What is the greatest common divisor of 71507 and 3013?
23
What is the greatest common factor of 57278217 and 498?
249
What is the highest common divisor of 144992 and 13425353?
4531
What is the highest common divisor of 17714460 and 760?
380
What is the highest common divisor of 6093 and 2668950?
9
What is the highest common factor of 20130 and 802890?
330
Calculate the greatest common factor of 28 and 5961788.
28
What is the highest common divisor of 2319 and 177184741?
773
Calculate the greatest common divisor of 203400 and 585000.
1800
Calculate the highest common factor of 72628 and 3921370.
542
What is the greatest common divisor of 102410940 and 740?
20
What is the greatest common factor of 282173 and 142784?
97
Calculate the greatest common divisor of 1954 and 26432735.
977
Calculate the highest common divisor of 18 and 156150954.
18
What is the greatest common divisor of 354497 and 53238042?
5291
What is the highest common factor of 905 and 560738?
181
Calculate the highest common factor of 26749 and 15160868.
1163
What is the greatest common divisor of 660134152 and 393?
131
Calculate the highest common factor of 1124847 and 33946.
1543
What is the highest common divisor of 12852 and 41249628?
756
What is the greatest common divisor of 171690769 and 19295?
3859
What is the highest common factor of 4296 and 193655983?
179
What is the greatest common factor of 5367888 and 912?
48
Calculate the greatest common factor of 2107 and 11791804.
43
Calculate the highest common divisor of 14034573 and 2457.
189
Calculate the greatest common divisor of 1616739 and 39.
3
What is the greatest common factor of 146 and 31501617?
73
What is the greatest common factor of 353822 and 762?
254
Calculate the greatest common divisor of 79092 and 204243.
39
Calculate the highest common divisor of 4371544 and 4819.
79
What is the greatest common factor of 338 and 155180012?
26
Calculate the highest common factor of 92 and 132759197.
23
What is the greatest common divisor of 128439 and 5036256?
1809
What is the highest common divisor of 177872 and 5824?
16
Calculate the greatest common factor of 26296 and 69838889.
3287
What is the highest common factor of 79826 and 96693?
167
What is the greatest common factor of 131481736 and 2360?
472
What is the greatest common factor of 178 and 494270578?
178
Calculate the highest common divisor of 35185 and 50555.
5
What is the greatest common factor of 11571 and 7161?
21
What is the greatest common factor of 225190 and 9170?
70
What is the highest common factor of 20870 and 16940?
10
What is the greatest common factor of 5726 and 5621?
7
Calculate the highest common divisor of 41745 and 1090780152.
8349
What is the greatest common divisor of 19063744 and 14112?
1568
Calculate the highest common divisor of 19014819 and 132516.
1227
Calculate the highest common divisor of 1019631 and 426.
213
What is the highest common factor of 52911325 and 218?
109
Calculate the greatest common factor of 1143946 and 26.
2
What is the highest common divisor of 624 and 207171336?
24
What is the highest common divisor of 212850 and 7746?
6
Calculate the highest common divisor of 8263376 and 14571.
1619
What is the highest common divisor of 143 and 1724827?
13
Calculate the highest common divisor of 254722 and 129987.
1313
What is the highest common divisor of 26999910 and 34?
34
What is the greatest common factor of 63297498 and 156998?
6826
Calculate the highest common factor of 105847370 and 35.
5
Calculate the highest common divisor of 2630 and 72810.
10
Calculate the highest common divisor of 39289849 and 164.
41
Calculate the greatest common divisor of 424164 and 31616.
52
What is the greatest common factor of 696687558 and 6972?
3486
What is the highest common divisor of 15422120 and 460?
20
Calculate the greatest common divisor of 5644825 and 9968.
89
What is the greatest common divisor of 1711 and 7236409?
59
What is the highest common divisor of 376 and 2742826?
94
What is the greatest common divisor of 51593703 and 21?
21
What is the highest common divisor of 16334526 and 234?
78
What is the greatest common factor of 59451459 and 62?
31
What is the greatest common divisor of 176128 and 92565504?
4096
What is the highest common divisor of 3003 and 1578388?
7
Calculate the highest common divisor of 2846553 and 27492.
87
What is the highest common factor of 4329124 and 11533?
607
What is the greatest common divisor of 1707 and 27356951?
569
What is the highest common factor of 3750 and 79359000?
750
Calculate the greatest common divisor of 2513178 and 762390.
774
Calculate the greatest common factor of 1824458 and 2422.
346
Calculate the highest common divisor of 356486 and 31733.
13
What is the greatest common factor of 6705 and 71141391?
1341
Calculate the highest common divisor of 7750500 and 132.
12
Calculate the highest common factor of 17631 and 809919.
27
Calculate the highest common factor of 1870932 and 3612.
84
Calculate the highest common factor of 186 and 806334.
6
Calculate the greatest common factor of 8341 and 225853.
19
Calculate the highest common factor of 909090 and 12831.
273
What is the highest common factor of 6580 and 1367940?
140
Calculate the greatest common factor of 669704 and 3584.
56
Calculate the greatest common divisor of 13992625 and 7850.
3925
What is the greatest common factor of 247 and 7221995?
19
Calculate the greatest common factor of 52225702 and 1619.
1619
What is the greatest common divisor of 238 and 128637194?
14
Calculate the greatest common factor of 4814359 and 3236.
809
What is the greatest common factor of 431535 and 3705?
195
What is the highest common divisor of 6052 and 5309117?
1513
Calculate the greatest common divisor of 472239 and 14136147.
3447
What is the greatest common factor of 2280 and 247056?
24
What is the greatest common divisor of 3317683 and 141?
47
What is the greatest common factor of 22068 and 2120220?
36
Calculate the greatest common factor of 525399603 and 138.
69
Calculate the greatest common factor of 887443644 and 24.
12
What is the highest common factor of 3094 and 884780?
26
Calculate the highest common factor of 56 and 233096.
8
Calculate the highest common factor of 386994 and 408.
6
Calculate the highest common factor of 680 and 3675740.
340
What is the highest common divisor of 2214 and 6015684?
246
Calculate the highest common divisor of 131346912 and 7476.
1068
Calculate the greatest common divisor of 734052 and 251652.
804
What is the highest common divisor of 614 and 3365641?
307
What is the greatest common factor of 58815090 and 90?
90
What is the greatest common factor of 211482 and 775062?
558
What is the greatest common divisor of 159819 and 31581?
957
What is the greatest common divisor of 428978 and 68?
34
Calculate the highest common factor of 6444195 and 582.
291
Calculate the highest common factor of 11404 and 11748971.
2851
Calculate the highest common factor of 35735 and 374290.
35
What is the greatest common factor of 3855 and 288982365?
3855
What is the highest common divisor of 13361630 and 2350?
470
What is the highest common divisor of 142255214 and 17559?
1951
Calculate the greatest common factor of 296528958 and 66.
66
What is the highest common factor of 2430 and 1685?
5
What is the greatest common divisor of 25152 and 31449?
3
What is the greatest common divisor of 9351547 and 207?
23
Calculate the greatest common factor of 202221 and 128.
1
What is the greatest common factor of 2955 and 109445517?
591
Calculate the greatest common divisor of 1024236 and 2070.
414
What is the greatest common divisor of 41454 and 40467?
987
Calculate the greatest common divisor of 42315029 and 976.
61
What is the highest common factor of 667 and 568951?
667
Calculate the greatest common factor of 88026434 and 27982.
1646
What is the greatest common factor of 28281 and 6897136?
857
What is the highest common divisor of 513 and 6563132?
19
What is the greatest common divisor of 43351387 and 1915?
383
What is the greatest common factor of 14 and 57358882?
14
What is the highest common factor of 5084 and 5302284?
164
What is the greatest common factor of 3940 and 1131380?
20
What is the highest common factor of 30861 and 1192149?
114